{"id":466,"date":"2018-06-17T17:52:50","date_gmt":"2018-06-17T15:52:50","guid":{"rendered":"http:\/\/stadtpfadfinder.org\/?page_id=466"},"modified":"2018-06-17T17:52:50","modified_gmt":"2018-06-17T15:52:50","slug":"datenschutzerklaerung","status":"publish","type":"page","link":"http:\/\/stadtpfadfinder.org\/?page_id=466","title":{"rendered":"Datenschutzerkl\u00e4rung"},"content":{"rendered":"<h2>Wer wir sind<\/h2>\n<p>Wir sind die Stadtpfadfinder des Hamburgprojekts und sind dem Bund PdF &#8211; Pfadfinder der Freien ev. Gemeinden angeschlossen.<\/p>\n<p><strong>Datenschutzerkl\u00e4rung<\/strong><br \/>\nDie Betreiber dieser Seiten nehmen den Schutz Ihrer pers\u00f6nlichen Daten sehr ernst. Wir behandeln Ihre personenbezogenen Daten vertraulich und entsprechend der gesetzlichen Datenschutzvorschriften sowie dieser Datenschutzerkl\u00e4rung.<br \/>\nDie Nutzung unserer Webseite ist in der Regel ohne Angabe personenbezogener Daten m\u00f6glich. Soweit auf unseren Seiten personenbezogene Daten (beispielsweise Name, Anschrift oder E-Mail-Adressen) erhoben werden, erfolgt dies, soweit m\u00f6glich, stets auf freiwilliger Basis. Diese Daten werden ohne Ihre ausdr\u00fcckliche Zustimmung nicht an Dritte weitergegeben.<br \/>\nWir weisen darauf hin, dass die Daten\u00fcbertragung im Internet (z.B. bei der Kommunikation per E-Mail) Sicherheitsl\u00fccken aufweisen kann. Ein l\u00fcckenloser Schutz der Daten vor dem Zugriff durch Dritte ist nicht m\u00f6glich.<\/p>\n<p>&nbsp;<\/p>\n<p><strong>Datenschutzbeauftragter<\/strong><br \/>\nBitte wenden Sie sich bei Fragen und Anregungen zum Thema Datenschutz an unseren Datenschutzbeauftragten Herrn Rechtsanwalt Mark R\u00fcdlin<br \/>\nMark R\u00fcdlin<br \/>\nRechtsanwalt + Datenschutzbeauftragter<br \/>\nLerchenstr.28<br \/>\n22767 Hamburg<br \/>\nra@markruedlin.de<\/p>\n<p><strong>Datenschutzaufsichtsbeh\u00f6rde<\/strong><br \/>\nIhnen steht das Recht auf Beschwerde bei der zust\u00e4ndigen Aufsichtsbeh\u00f6rde zu:<br \/>\nDer Hamburgische Beauftragte f\u00fcr Datenschutz und Informationsfreiheit<br \/>\nKurt-Schumacher-Allee 4<br \/>\n20097 Hamburg<br \/>\nTel.: 040 \/ 428 54 &#8211; 4040<br \/>\nFax: 040 \/ 428 54 &#8211; 4000<br \/>\nE-Mail: mailbox@datenschutz.hamburg.de<\/p>\n<p><strong>Umfang<\/strong><br \/>\nWir erheben und verwenden personenbezogene Daten unserer Nutzer grunds\u00e4tzlich nur, soweit dies zur Bereitstellung einer funktionsf\u00e4higen Website sowie unserer Inhalte und Leistungen erforderlich ist. Die Erhebung und Verwendung personenbezogener Daten unserer Nutzer erfolgt regelm\u00e4\u00dfig nur nach Einwilligung des Nutzers. Eine Ausnahme gilt in solchen F\u00e4llen, in denen eine vorherige Einholung einer Einwilligung aus tats\u00e4chlichen Gr\u00fcnden nicht m\u00f6glich ist und die Verarbeitung der Daten durch gesetzliche Vorschriften gestattet ist.<\/p>\n<p><strong>Zweck<\/strong><br \/>\nPersonenbezogene Daten werden von uns nur dann und nur in dem Umfang erhoben, wie Sie sie uns mit Ihrer Kenntnis selbst zur Verf\u00fcgung stellen. Ihre von Ihnen angegebenen personenbezogenen Daten werden f\u00fcr Zwecke der Kontaktaufnahme gespeichert, wenn Sie uns ausdr\u00fccklich hierzu Ihre Einwilligung erteilt haben. Sie haben jederzeit ein Widerrufsrecht hinsichtlich einer erteilten Einwilligung. Eine Angabe der Verarbeitungs-zwecke erfolgt an den entsprechenden Stellen unserer Websites und unterliegt keiner nachtr\u00e4glichen \u00c4nderung. Eine Weitergabe der Daten an Dritte erfolgt ohne Ihre Einwilligung nur dann, wenn wir hierzu gesetzlich verpflichtet sind.<\/p>\n<p><strong>Rechtsgrundlage<\/strong><br \/>\nSoweit wir eine Einwilligung der betroffenen Person einholen, dient Artikel 6 DSGVO als Rechtsgrundlage f\u00fcr die Verarbeitung personenbezogener Daten.<br \/>\nEbenso ist Art. 6 DSGVO bei der Verarbeitung von personenbezogenen Daten einschl\u00e4gig, die zur Erf\u00fcllung eines Vertrags; einer rechtlichen Verpflichtung, denen unser Unternehmen unterliegt; zur Durchf\u00fchrung vor-vertraglicher Ma\u00dfnahmen erforderlich sind; f\u00fcr den Fall, dass lebenswichtige Interessen der betroffenen Person oder eines Dritten eine Verarbeitung erforderlich machen; oder zur Wahrung eines berechtigen Interesses unseres Unternehmens oder eines Dritten erforderlich sind und dessen Interessen den Grundrechten und Grundfreiheiten des Betroffenen \u00fcberwiegen, einschl\u00e4gig.<br \/>\nPersonenbezogene Daten werden f\u00fcr die Dauer der jeweiligen gesetzlichen Aufbewahrungsfrist gespeichert. Nach Ablauf der Frist erfolgt eine routinem\u00e4\u00dfige L\u00f6schung der Daten, sofern nicht eine Erforderlichkeit f\u00fcr eine Vertragsanbahnung oder die Vertragserf\u00fcllung besteht.<\/p>\n<p><strong>Best\u00e4tigung<\/strong><br \/>\nSie haben das Recht, von uns eine Best\u00e4tigung dar\u00fcber zu verlangen, ob personenbezogene Daten verarbeitet werden.<\/p>\n<p><strong>Auskunft<\/strong><br \/>\nSie haben das Recht, jederzeit Auskunft \u00fcber die zu Ihrer Person gespeicherten Daten zu erhalten, einschlie\u00dflich Herkunft und Empf\u00e4nger Ihrer Daten sowie den Zweck der Datenverarbeitung. Folgende Ausk\u00fcnfte \u00fcbermitteln wir Ihnen als unentgeltliche Kopie:<br \/>\nVerarbeitungszwecke<br \/>\nKategorien personenbezogener Daten, die verarbeitet werden<br \/>\nEmpf\u00e4nger oder Kategorien von Empf\u00e4ngern<br \/>\ngeplante Speicherdauer der personenbezogenen Daten bzw. Kriterien der Festlegung<br \/>\nBestehen eines Rechts auf Berichtigung\/L\u00f6schung\/Einschr\u00e4nkung\/Widerspruch im<br \/>\nZusammenhang mit der Verarbeitung Ihrer personenbezogenen Daten sowie das Beschwerderecht bei der Aufsichtsbeh\u00f6rde<br \/>\nSoweit die personenbezogenen Daten nicht bei Ihnen erhoben werden: alle<br \/>\nverf\u00fcgbaren Daten \u00fcber die Herkunft der Daten<br \/>\nDas Bestehen einer automatisierten Entscheidungsfindung einschl. Profiling gem. Art.<br \/>\n22 Abs. 1, Abs. 4 DSGVO<\/p>\n<p><strong>Berichtigung<\/strong><br \/>\nSie haben ein Recht auf Berichtigung und\/oder Vervollst\u00e4ndigung, sofern die verarbeiteten personenbezogenen Daten, die Sie betreffen, unrichtig oder unvollst\u00e4ndig sind.<\/p>\n<p><strong>L\u00f6schung und Vergessen werden<\/strong><br \/>\nSie haben das Recht auf L\u00f6schung Ihrer personenbezogenen Daten gem\u00e4\u00df den Richtlinien nach Art. 17 DSGVO.<\/p>\n<p>Einschr\u00e4nkung<br \/>\nSie haben das Recht, die Einschr\u00e4nkung der Verarbeitung Ihrer personenbezogenen Daten zu verlangen. Die Voraussetzungen ergeben sich aus Art. 18 DSGVO.<\/p>\n<p>Widerspruch<br \/>\nSie haben jederzeit das Recht, gegen die Verarbeitung Ihrer personenbezogenen Daten (die aufgrund von Art. 6 Abs. 1 e oder f erhoben wurden) Widerspruch einzulegen. Dies gilt ebenso f\u00fcr das auf diesen Bestimmungen gesch\u00fctztes Profiling. Die Daten werden im Falle eines Widerspruchs nicht weiterverarbeitet, es sei denn, es liegen zwingende schutzw\u00fcrdige sowie nachweisbare Gr\u00fcnde vor, die den Interessen, Rechten und Freiheiten der betroffenen Person \u00fcberwiegen, oder der Geltendmachung, Aus\u00fcbung oder Verteidigung von Rechtsanspr\u00fcchen dient.<\/p>\n<p>Widerruf einer datenschutzrechtlichen Einwilligung<br \/>\nFerner haben Sie das Recht, Ihre Einwilligung zur Verarbeitung personenbezogener Daten jederzeit zu widerrufen.<\/p>\n<p>Daten\u00fcbertragbarkeit<\/p>\n<p>Urheberrechte\/Fotoverwendung<br \/>\nDie verwendeten Grafiken und Bilder werden mit Zustimmung der Urheber verwendet.<\/p>\n<h3>Kommentare<\/h3>\n<p>Wenn Besucher Kommentare auf der Website schreiben, sammeln wir die Daten, die im Kommentar-Formular angezeigt werden, au\u00dferdem die IP-Adresse des Besuchers und den User-Agent-String (damit wird der Browser identifiziert), um die Erkennung von Spam zu unterst\u00fctzen.<\/p>\n<p>Aus deiner E-Mail-Adresse kann eine anonymisierte Zeichenfolge erstellt (auch Hash genannt) und dem Gravatar-Dienst \u00fcbergeben werden, um zu pr\u00fcfen, ob du diesen benutzt. Die Datenschutzerkl\u00e4rung des Gravatar-Dienstes findest du hier: https:\/\/automattic.com\/privacy\/. Nachdem dein Kommentar freigegeben wurde, ist dein Profilbild \u00f6ffentlich im Kontext deines Kommentars sichtbar.<\/p>\n<h3>Medien<\/h3>\n<p>Wenn du ein registrierter Benutzer bist und Fotos auf diese Website l\u00e4dst, solltest du vermeiden, Fotos mit einem EXIF-GPS-Standort hochzuladen. Besucher dieser Website k\u00f6nnten Fotos, die auf dieser Website gespeichert sind, herunterladen und deren Standort-Informationen extrahieren.<\/p>\n<h3>Kontaktformulare<\/h3>\n<h3>Cookies<\/h3>\n<p>Wenn du einen Kommentar auf unserer Website schreibst, kann das eine Einwilligung sein, deinen Namen, E-Mail-Adresse und Website in Cookies zu speichern. Dies ist eine Komfortfunktion, damit du nicht, wenn du einen weiteren Kommentar schreibst, all diese Daten erneut eingeben musst. Diese Cookies werden ein Jahr lang gespeichert.<\/p>\n<p>Falls du ein Konto hast und dich auf dieser Website anmeldest, werden wir ein tempor\u00e4res Cookie setzen, um festzustellen, ob dein Browser Cookies akzeptiert. Dieses Cookie enth\u00e4lt keine personenbezogenen Daten und wird verworfen, wenn du deinen Browser schlie\u00dft.<\/p>\n<p>Wenn du dich anmeldest, werden wir einige Cookies einrichten, um deine Anmeldeinformationen und Anzeigeoptionen zu speichern. Anmelde-Cookies verfallen nach zwei Tagen und Cookies f\u00fcr die Anzeigeoptionen nach einem Jahr. Falls du bei der Anmeldung \u201eAngemeldet bleiben\u201c ausw\u00e4hlst, wird deine Anmeldung zwei Wochen lang aufrechterhalten. Mit der Abmeldung aus deinem Konto werden die Anmelde-Cookies gel\u00f6scht.<\/p>\n<p>Wenn du einen Artikel bearbeitest oder ver\u00f6ffentlichst, wird ein zus\u00e4tzlicher Cookie in deinem Browser gespeichert. Dieser Cookie enth\u00e4lt keine personenbezogenen Daten und verweist nur auf die Beitrags-ID des Artikels, den du gerade bearbeitet hast. Der Cookie verf\u00e4llt nach einem Tag.<\/p>\n<h3>Eingebettete Inhalte von anderen Websites<\/h3>\n<p>Beitr\u00e4ge auf dieser Website k\u00f6nnen eingebettete Inhalte beinhalten (z.\u00a0B. Videos, Bilder, Beitr\u00e4ge etc.). Eingebettete Inhalte von anderen Websites verhalten sich exakt so, als ob der Besucher die andere Website besucht h\u00e4tte.<\/p>\n<p>Diese Websites k\u00f6nnen Daten \u00fcber dich sammeln, Cookies benutzen, zus\u00e4tzliche Tracking-Dienste von Dritten einbetten und deine Interaktion mit diesem eingebetteten Inhalt aufzeichnen, inklusive deiner Interaktion mit dem eingebetteten Inhalt, falls du ein Konto hast und auf dieser Website angemeldet bist.<\/p>\n<h3>Analysedienste<\/h3>\n<h2>Mit wem wir deine Daten teilen<\/h2>\n<h2>Wie lange wir deine Daten speichern<\/h2>\n<p>Wenn du einen Kommentar schreibst, wird dieser inklusive Metadaten zeitlich unbegrenzt gespeichert. Auf diese Art k\u00f6nnen wir Folgekommentare automatisch erkennen und freigeben, anstelle sie in einer Moderations-Warteschlange festzuhalten.<\/p>\n<p>F\u00fcr Benutzer, die sich auf unserer Website registrieren, speichern wir zus\u00e4tzlich die pers\u00f6nlichen Informationen, die sie in ihren Benutzerprofilen angeben. Alle Benutzer k\u00f6nnen jederzeit ihre pers\u00f6nlichen Informationen einsehen, ver\u00e4ndern oder l\u00f6schen (der Benutzername kann nicht ver\u00e4ndert werden). Administratoren der Website k\u00f6nnen diese Informationen ebenfalls einsehen und ver\u00e4ndern.<\/p>\n<h2>Welche Rechte du an deinen Daten hast<\/h2>\n<p>Wenn du ein Konto auf dieser Website besitzt oder Kommentare geschrieben hast, kannst du einen Export deiner personenbezogenen Daten bei uns anfordern, inklusive aller Daten, die du uns mitgeteilt hast. Dar\u00fcber hinaus kannst du die L\u00f6schung aller personenbezogenen Daten, die wir von dir gespeichert haben, anfordern. Dies umfasst nicht die Daten, die wir aufgrund administrativer, rechtlicher oder sicherheitsrelevanter Notwendigkeiten aufbewahren m\u00fcssen.<\/p>\n<h2>Wohin wir deine Daten senden<\/h2>\n<p>Besucher-Kommentare k\u00f6nnten von einem automatisierten Dienst zur Spam-Erkennung untersucht werden.<\/p>\n<h2>Deine Kontakt-Informationen<\/h2>\n<h2>Weitere Informationen<\/h2>\n<h3>Wie wir deine Daten sch\u00fctzen<\/h3>\n<h3>Welche Ma\u00dfnahmen wir bei Datenschutzverletzungen anbieten<\/h3>\n<h3>Von welchen Drittanbietern wir Daten erhalten<\/h3>\n<h3>Welche automatisierte Entscheidungsfindung und\/oder Profilerstellung wir mit Benutzerdaten durchf\u00fchren<\/h3>\n<h3>Industrielle aufsichtsrechtliche Regulierungsanforderungen<\/h3>\n","protected":false},"excerpt":{"rendered":"<p>Wer wir sind Wir sind die Stadtpfadfinder des Hamburgprojekts und sind dem Bund PdF &#8211; Pfadfinder der Freien ev. Gemeinden angeschlossen. Datenschutzerkl\u00e4rung Die Betreiber dieser Seiten nehmen den Schutz Ihrer pers\u00f6nlichen Daten sehr ernst. Wir behandeln Ihre personenbezogenen Daten vertraulich und entsprechend der gesetzlichen Datenschutzvorschriften sowie dieser Datenschutzerkl\u00e4rung. Die Nutzung unserer Webseite ist in der [&hellip;]<\/p>\n","protected":false},"author":1,"featured_media":0,"parent":0,"menu_order":0,"comment_status":"closed","ping_status":"closed","template":"","meta":[],"_links":{"self":[{"href":"http:\/\/stadtpfadfinder.org\/index.php?rest_route=\/wp\/v2\/pages\/466"}],"collection":[{"href":"http:\/\/stadtpfadfinder.org\/index.php?rest_route=\/wp\/v2\/pages"}],"about":[{"href":"http:\/\/stadtpfadfinder.org\/index.php?rest_route=\/wp\/v2\/types\/page"}],"author":[{"embeddable":true,"href":"http:\/\/stadtpfadfinder.org\/index.php?rest_route=\/wp\/v2\/users\/1"}],"replies":[{"embeddable":true,"href":"http:\/\/stadtpfadfinder.org\/index.php?rest_route=%2Fwp%2Fv2%2Fcomments&post=466"}],"version-history":[{"count":1,"href":"http:\/\/stadtpfadfinder.org\/index.php?rest_route=\/wp\/v2\/pages\/466\/revisions"}],"predecessor-version":[{"id":467,"href":"http:\/\/stadtpfadfinder.org\/index.php?rest_route=\/wp\/v2\/pages\/466\/revisions\/467"}],"wp:attachment":[{"href":"http:\/\/stadtpfadfinder.org\/index.php?rest_route=%2Fwp%2Fv2%2Fmedia&parent=466"}],"curies":[{"name":"wp","href":"https:\/\/api.w.org\/{rel}","templated":true}]}}